{"id":156,"date":"2021-03-11T23:39:41","date_gmt":"2021-03-12T03:39:41","guid":{"rendered":"https:\/\/dorarx.dorarad.net\/hoitldgrt563948df\/?page_id=156"},"modified":"2025-08-31T20:50:53","modified_gmt":"2025-09-01T00:50:53","slug":"aa","status":"publish","type":"page","link":"https:\/\/dorarx.dorarad.net\/hoitldgrt563948df\/aa\/","title":{"rendered":"Visi\u00f3n y Misi\u00f3n"},"content":{"rendered":"<div data-editor-content=\"{&quot;blocks&quot;:[{&quot;key&quot;:&quot;bagsu&quot;,&quot;text&quot;:&quot;At Aris RX, we are dedicated to providing accurate and timely medical diagnostics. Our mission is to empower patients with vital health information through advanced testing technologies.&quot;,&quot;type&quot;:&quot;unstyled&quot;,&quot;depth&quot;:0,&quot;inlineStyleRanges&quot;:[],&quot;entityRanges&quot;:[],&quot;data&quot;:{}}],&quot;entityMap&quot;:{}}\">\n<p><strong>NUESTRO COMPROMISO<\/strong><\/p>\n<p>&nbsp;<\/p>\n<p>&nbsp;<\/p>\n<p>Nuestro compromiso principal es ayudar a preservar la salud de nuestros pacientes, por ello nuestro enfoque primordial es en la<strong><em> Detenci\u00f3n Tempr<\/em>ana<\/strong> de las condiciones de salud que m\u00e1s ponen a riesgo sus vidas.\u00a0<\/p>\n<p>&nbsp;<\/p>\n<p>Las pruebas de cernimiento que ofrecemos en nuestra facilidad pueden salvarle sus vidas, los estudios de medicina preventiva \u201cScreening\u201d que realizamos incluyen los siguientes:<\/p>\n<ul>\n<li><strong><em>Mamograf\u00eda &amp; Biopsias de Senos<\/em><\/strong> para detectar el C\u00e1ncer de Mama<\/li>\n<li><strong><em>Ultrasonido Transvaginal <\/em><\/strong>para detectar condiciones en el \u00e1rea p\u00e9lvica, incluyendo C\u00e1ncer de Uteros &amp; Ovarios.<\/li>\n<li><strong><em>Ultrasonido General<\/em><\/strong> para detectar masas de h\u00edgado, vers\u00edcula biliar, ri\u00f1\u00f3n, p\u00e1ncreas &amp; enfermedad renal incluyendo piedras en ri\u00f1ones, aneurismas a\u00f3rticos, etc.<\/li>\n<li><strong><em>Ultrasonido &amp; Biopsias de Tiroides<\/em><\/strong> para detectar el C\u00e1ncer de Tiroides<\/li>\n<li><strong><em>Ultrasonido Transrectal<\/em><\/strong> para detectar C\u00e1ncer de Pr\u00f3stata<\/li>\n<li><strong><em>Ultrasonido Doppler de Pene<\/em><\/strong>, para detectar enfermedad vascular para disfunci\u00f3n er\u00e9ctil &amp; \u201cPeyronie\u2019s Disease\u201d.<\/li>\n<li><strong><em>QCT Scan Bone Mineral Density<\/em><\/strong>, para la detenci\u00f3n de osteosporosis con el primer software MINDWAYS instalado en PR para la detenci\u00f3n de osteoporosis mediante una tomograf\u00eda computarizada de alta resoluci\u00f3n y baja dosis para la evaluaci\u00f3n 3D de la columna vertebral. Prueba de densitometr\u00eda mineral \u00f3sea QCT, que es superior a la exploraci\u00f3n DEXA en t\u00e9rminos de precisi\u00f3n, tiempo de adquisici\u00f3n, selecci\u00f3n de la regi\u00f3n anat\u00f3mica y an\u00e1lisis de densitometr\u00eda \u00f3sea<\/li>\n<li><strong><em>Calcium Coronary Score<\/em><\/strong>, para detenci\u00f3n temprana de enfermedad coronaria con CT Scan de alta resoluci\u00f3n y dosis baja de radiaci\u00f3n.<\/li>\n<\/ul>\n<p>&nbsp;<\/p>\n<p>En fin es de suma importancia que nuestros pacientes puedan realizarse todos estos estudios para la prevenci\u00f3n de enfermedades catastr\u00f3ficas en pacientes asintom\u00e1ticos.<\/p>\n<p>&nbsp;<\/p>\n<p>&nbsp;<\/p>\n<p>&nbsp;<\/p>\n<p>&nbsp;<\/p>\n<\/div>\n<div data-editor-content=\"{&quot;blocks&quot;:[{&quot;key&quot;:&quot;bagsu&quot;,&quot;text&quot;:&quot;At Aris RX, we are dedicated to providing accurate and timely medical diagnostics. Our mission is to empower patients with vital health information through advanced testing technologies.&quot;,&quot;type&quot;:&quot;unstyled&quot;,&quot;depth&quot;:0,&quot;inlineStyleRanges&quot;:[],&quot;entityRanges&quot;:[],&quot;data&quot;:{}}],&quot;entityMap&quot;:{}}\">\u00a0<\/div>\n<div data-editor-content=\"{&quot;blocks&quot;:[{&quot;key&quot;:&quot;bagsu&quot;,&quot;text&quot;:&quot;At Aris RX, we are dedicated to providing accurate and timely medical diagnostics. Our mission is to empower patients with vital health information through advanced testing technologies.&quot;,&quot;type&quot;:&quot;unstyled&quot;,&quot;depth&quot;:0,&quot;inlineStyleRanges&quot;:[],&quot;entityRanges&quot;:[],&quot;data&quot;:{}}],&quot;entityMap&quot;:{}}\">\u00a0<\/div>\n","protected":false},"excerpt":{"rendered":"<p>NUESTRO COMPROMISO &nbsp; &nbsp; Nuestro compromiso principal es ayudar a preservar la salud de nuestros pacientes, por ello nuestro enfoque primordial es en la Detenci\u00f3n Temprana de las condiciones de salud que m\u00e1s ponen a riesgo sus vidas.\u00a0 &nbsp; Las pruebas de cernimiento que ofrecemos en nuestra facilidad pueden salvarle&#8230;<\/p>\n<p class=\"continue-reading-button\"> <a class=\"continue-reading-link\" href=\"https:\/\/dorarx.dorarad.net\/hoitldgrt563948df\/aa\/\">Continue reading<i class=\"crycon-right-dir\"><\/i><\/a><\/p>\n","protected":false},"author":1,"featured_media":0,"parent":0,"menu_order":0,"comment_status":"closed","ping_status":"closed","template":"","meta":{"footnotes":""},"class_list":["post-156","page","type-page","status-publish","hentry"],"_links":{"self":[{"href":"https:\/\/dorarx.dorarad.net\/hoitldgrt563948df\/wp-json\/wp\/v2\/pages\/156","targetHints":{"allow":["GET"]}}],"collection":[{"href":"https:\/\/dorarx.dorarad.net\/hoitldgrt563948df\/wp-json\/wp\/v2\/pages"}],"about":[{"href":"https:\/\/dorarx.dorarad.net\/hoitldgrt563948df\/wp-json\/wp\/v2\/types\/page"}],"author":[{"embeddable":true,"href":"https:\/\/dorarx.dorarad.net\/hoitldgrt563948df\/wp-json\/wp\/v2\/users\/1"}],"replies":[{"embeddable":true,"href":"https:\/\/dorarx.dorarad.net\/hoitldgrt563948df\/wp-json\/wp\/v2\/comments?post=156"}],"version-history":[{"count":6,"href":"https:\/\/dorarx.dorarad.net\/hoitldgrt563948df\/wp-json\/wp\/v2\/pages\/156\/revisions"}],"predecessor-version":[{"id":313,"href":"https:\/\/dorarx.dorarad.net\/hoitldgrt563948df\/wp-json\/wp\/v2\/pages\/156\/revisions\/313"}],"wp:attachment":[{"href":"https:\/\/dorarx.dorarad.net\/hoitldgrt563948df\/wp-json\/wp\/v2\/media?parent=156"}],"curies":[{"name":"wp","href":"https:\/\/api.w.org\/{rel}","templated":true}]}}